{"id":2,"date":"2016-05-10T03:48:21","date_gmt":"2016-05-10T03:48:21","guid":{"rendered":"http:\/\/wp452m.a10-52-158-154.qa.plesk.ru\/wordpress\/?page_id=2"},"modified":"2018-12-20T17:05:33","modified_gmt":"2018-12-20T17:05:33","slug":"sample-page","status":"publish","type":"page","link":"https:\/\/www.printmedienwerk.de\/?page_id=2","title":{"rendered":"Impressum"},"content":{"rendered":"<p>Printmedienwerk GmbH<br \/>\nWillstra\u00dfe 4-6<br \/>\n90429 N\u00fcrnberg<\/p>\n<p>Gesch\u00e4ftsf\u00fchrer:<br \/>\nHans-Peter Fuchs<\/p>\n<p>Telefon +49 (0)9 11\/27 00 22<br \/>\nTelefax +49 (0)9 11\/27 00 21<br \/>\ninfo@printmedienwerk.de<br \/>\nwww.printmedienwerk.de<\/p>\n<p>Sitz und Registergericht:<br \/>\nGerichtsstand N\u00fcrnberg<br \/>\nHRB 24199 (N\u00fcrnberg)<\/p>\n<p>Umsatzsteuer-Identifikationsnummer:<br \/>\nUST-ID-Nr.: DE258952865<br \/>\nSteuer-Nr.: 241\/135\/45816<\/p>\n","protected":false},"excerpt":{"rendered":"<p>Printmedienwerk GmbH Willstra\u00dfe 4-6 90429 N\u00fcrnberg Gesch\u00e4ftsf\u00fchrer: Hans-Peter Fuchs Telefon +49 (0)9 11\/27 00 22 Telefax +49 (0)9 11\/27 00 21 info@printmedienwerk.de www.printmedienwerk.de Sitz und Registergericht: Gerichtsstand N\u00fcrnberg HRB 24199 (N\u00fcrnberg) Umsatzsteuer-Identifikationsnummer: UST-ID-Nr.: DE258952865 Steuer-Nr.: 241\/135\/45816<\/p>\n","protected":false},"author":1,"featured_media":0,"parent":0,"menu_order":0,"comment_status":"closed","ping_status":"open","template":"","meta":{"footnotes":""},"class_list":["post-2","page","type-page","status-publish","hentry"],"_links":{"self":[{"href":"https:\/\/www.printmedienwerk.de\/index.php?rest_route=\/wp\/v2\/pages\/2","targetHints":{"allow":["GET"]}}],"collection":[{"href":"https:\/\/www.printmedienwerk.de\/index.php?rest_route=\/wp\/v2\/pages"}],"about":[{"href":"https:\/\/www.printmedienwerk.de\/index.php?rest_route=\/wp\/v2\/types\/page"}],"author":[{"embeddable":true,"href":"https:\/\/www.printmedienwerk.de\/index.php?rest_route=\/wp\/v2\/users\/1"}],"replies":[{"embeddable":true,"href":"https:\/\/www.printmedienwerk.de\/index.php?rest_route=%2Fwp%2Fv2%2Fcomments&post=2"}],"version-history":[{"count":8,"href":"https:\/\/www.printmedienwerk.de\/index.php?rest_route=\/wp\/v2\/pages\/2\/revisions"}],"predecessor-version":[{"id":1065,"href":"https:\/\/www.printmedienwerk.de\/index.php?rest_route=\/wp\/v2\/pages\/2\/revisions\/1065"}],"wp:attachment":[{"href":"https:\/\/www.printmedienwerk.de\/index.php?rest_route=%2Fwp%2Fv2%2Fmedia&parent=2"}],"curies":[{"name":"wp","href":"https:\/\/api.w.org\/{rel}","templated":true}]}}